).
5
Let r(d) = 6*d + 2. Let j(w) = 19*w + 5. Let f(p) = -3*j(p) + 8*r(p). Let c be f(-1). Let o(h) = 3*h - h**2 + 0 - 2 - c*h. What is o(-5)?
8
Let l(d) = 1. Let b(r) = 2. Let j(q) = 2*b(q) - 5*l(q). Let t(g) = 8*g**2 - g - 3. Let z(v) = 3*j(v) - t(v). Determine z(-1).
-9
Let q(k) = k - 5. Let b be q(-6). Let a = -13 - b. Let s(d) = d**3 + 3*d**2 + 2*d + 2. What is s(a)?
2
Let o(v) = -6*v**2 + 1. Let n(h) = h**3 - 5*h**2 + 6*h - 6. Let i be n(4). Let c be i*(-3)/(-7 - -1). Calculate o(c).
-5
Let o(g) be the first derivative of 2 - 11/2*g**2 - 1/6*g**3 + 3*g. Let z(k) be the first derivative of o(k). Give z(-5).
-6
Let q(w) = -3*w**2 + w - 5. Let k(p) = -4*p**2 + 2*p - 11. Let u(b) = 6*k(b) - 13*q(b). What is u(-1)?
15
Let i(q) = -3*q - 5. Let g be i(-2). Let j(h) = -4*h. Determine j(g).
-4
Let h(w) = w**2 - 5*w - 15. Let p be h(7). Let z be 1 + p*9 + 3. Let v(m) = m**3 - 5*m**2 - 2*m**3 - 2 - 2*m + 3*m. Calculate v(z).
-7
Let g(d) = d**3 - 5*d**2 - 8*d + 6. Let w(j) = -j**3 - 10*j**2 - 10*j - 3. Let q be w(-9). What is g(q)?
-6
Let r be (1*-3)/(-3) - -2. Suppose q = r + 2. Let o be (-19)/(-5) - q/(-25). Let w(v) = -v**3 + 4*v**2 - 2*v + 4. Give w(o).
-4
Suppose -5*d + 0*w = 3*w - 37, 5*w = 2*d + 10. Let s(y) = y**3 - 5*y**2 - y + 5. Calculate s(d).
0
Let r(y) be the first derivative of y**3/3 + y - 2. Calculate r(1).
2
Let t(l) = 0*l + 2*l + 3 + 4*l. Let h(b) = 2 - 1 + 1 + 3*b. Let z(q) = -5*h(q) + 2*t(q). What is z(-3)?
5
Let i = 3 + -3. Let m(s) = -s - 2. Let j be m(i). Let h(w) be the second derivative of -w**4/12 - w**3/6 + w**2/2 - 2*w. What is h(j)?
-1
Let n(t) = -t - 2. Let c be (2 + -2)*(0 - 1). Suppose -4*o = -3*j + 10, -j + o - 3*o - 10 = c. Let z be n(j). Let f(k) = k**3 - k - 8. Give f(z).
-8
Let n(x) = -9*x**2 - 7*x + 4. Let t(i) = 5*i**2 + 4*i - 2. Let a(f) = 3*n(f) + 5*t(f). Calculate a(-2).
-4
Let p(m) be the third derivative of m**6/120 - 7*m**5/60 - m**4/3 - m**3 + 13*m**2. What is p(8)?
-6
Suppose -14*v + 24 = -6*v. Let a(p) = -2 + 5*p**2 - p**3 + 0*p**3 + 3 - 3*p. Give a(v).
10
Let s(l) = l**2 - 5*l + 5. Suppose -8 = 4*y - 28. Let w be s(y). Let x = -3 + w. Let a(g) = g**3 - g**2 - 2*g + 1. What is a(x)?
1
Let a(j) = 0*j - 2 + 3 - 4*j + 2*j**2 - 2*j**3 + 2*j**2. Determine a(3).
-29
Let m(q) = q**3 - 7*q**2 - 8*q - 3. Suppose -3*r - 4 + 32 = 5*f, 2*f + 3*r - 4 = 0. Give m(f).
-3
Let f(c) = -5*c**2 - c. Let m = 1 + 3. Suppose 0*d = m*d - 8. Suppose 4 = -0*y - d*y + q, y + 5 = 2*q. Give f(y).
-4
Let w = -11 - -11. Let u(f) = f**3 + 4. Give u(w).
4
Let k(v) be the first derivative of v**4/24 + v**3/6 + v**2/2 - 2. Let o(q) be the second derivative of k(q). What is o(3)?
4
Suppose -37 = 4*s - 5. Let x be 1*(s + (2 - 0)). Let f = x - -3. Let n(r) = -r**3 - 4*r**2 + 4. Give n(f).
-5
Let b = -10 - -16. Let k(o) = -o**2 + b*o + 4 - 3*o**2 - 3*o + 5*o**2. Determine k(-3).
4
Let f(r) = 5*r - 51. Let m(h) = h - 10. Let d(o) = 2*f(o) - 11*m(o). Suppose 3*c = -2*z - 2*c - 5, 2*z + 2 = -2*c. Determine d(z).
8
Let d(w) be the second derivative of -7/6*w**3 + 0 - 5/2*w**2 - 1/12*w**4 + 4*w. Give d(-4).
7
Let z(u) = -u**2 + 3*u + 7. Let t(q) = 3*q**2 - 9*q - 20. Let d(m) = 4*t(m) + 11*z(m). Let b = -1 - -5. What is d(b)?
1
Let r(u) = 4*u**2 - u + 1. Let f be r(1). Suppose f*i - 11 = -d, -2*d + d - 4 = -i. Let q(n) = 2 + 560*n - 6*n**2 - 3 - 562*n. Calculate q(d).
-5
Suppose 5*u + 2*l - 20 = 0, 3*u + 9 = 3*l - 0. Let t(r) = r - 4. What is t(u)?
-2
Let b(j) = 8*j + 7. Let m(v) = -7*v - 6. Suppose 2*z = -2*z + 24. Let k(s) = z*b(s) + 7*m(s). Give k(-3).
3
Let m(i) be the third derivative of i**5/15 + i**3/6 - 6*i**2. Calculate m(1).
5
Let j(c) = c**3 - 3*c**2 - 2*c - 5. Let r be j(4). Let v(q) = -r - q + 1 + 0*q - 3. Determine v(0).
-5
Let h(l) = 6*l - 2. Let j(a) = 3*a + 26. Let g be j(-8). Determine h(g).
10
Let p(z) = -2*z - 5. Let x be p(-5). Let c(a) = a**3 - 4*a**2 - 5*a + 2. Let k be c(x). Let i(j) = 2*j**2 + j - 1. Give i(k).
9
Let x(f) = -2*f - 1. Let b(i) = -i. Let d(l) = -6*b(l) + 2*x(l). Suppose 0 = o - 2*n - 2*n - 5, 0 = -2*o + 5*n + 1. Let y be o/14 + (-7)/(-2). Determine d(y).
4
Let c(x) = -x**2 - 3*x**3 - 1 - 4*x**2 + x + 4*x**3. Suppose -21 = 4*u + 3. Let n = u - -11. What is c(n)?
4
Let n(s) = 4*s + 2. Let r(m) = -m**3 + 2*m**2. Let w(b) = -2*b**3 + 3*b**2 + 1. Let t(u) = 3*r(u) - 2*w(u). Let a be t(0). Determine n(a).
-6
Let l(f) = f**3 - 5*f**2 - 6*f + 3. Let g be l(6). Let m(h) be the second derivative of 0 + 1/6*h**3 + 1/2*h**2 + g*h. Determine m(2).
3
Let o(p) = 13*p**2 - 11*p - 9. Let b = 3 + 0. Let j(t) = 6*t**2 - 5*t - 4. Let s = -30 + 23. Let c(y) = b*o(y) + s*j(y). Calculate c(-1).
-4
Suppose -2*v = -3*v - 3. Let x = v + 0. Let k = 1 + x. Let y(t) = -2*t**3 - 3*t**2 - 3*t - 3. What is y(k)?
7
Let g(h) = h**3 - h**2 - h - 1. Let f(x) = 3*x**3 - 6*x**2 - 2*x - 6. Let w(s) = f(s) - 2*g(s). Determine w(4).
-4
Let h(u) = 0 - 4 - 3*u**2 + 2*u**2. What is h(0)?
-4
Let a = 19 - 19. Let g = a - 5. Let s(r) = -4*r**2 - r + 6. Let l(j) = -9*j**2 - j + 13. Let f(d) = -3*l(d) + 7*s(d). What is f(g)?
-2
Let j(r) = r**2 + 5*r - 4. Suppose 12*k + 29 = -31. Give j(k).
-4
Let j = -2/5 + 17/30. Let x(h) be the second derivative of j*h**3 + 0 + 0*h**2 + 2*h. What is x(-5)?
-5
Suppose 0 = 10*k - 11*k + 2. Let c(d) = d**3 - 3*d**2 + d. Calculate c(k).
-2
Let y(b) = 3*b**3 - 3*b**2 - b - 11. Let o(d) = 2*d**3 - d**2 - d - 6. Let m(p) = -5*o(p) + 3*y(p). Determine m(-5).
12
Let l(c) be the second derivative of -c**5/20 + c**4/2 - 5*c**3/6 + 5*c**2/2 - c. Suppose -2*s + 18 - 8 = 0. Give l(s).
5
Let s(g) = -2*g**2 - 14*g + 2. Let p be s(-7). Let v(m) be the second derivative of -1/12*m**4 - 5/6*m**3 + 0 - m**p - m. What is v(-3)?
4
Suppose 0 = 5*s - 4*g - 34 - 7, 4*s + 5*g = 0. Let q(t) be the second derivative of -1/2*t**2 + 3*t + 1/6*t**3 + 0. Determine q(s).
4
Let j(f) = f**3 + 3*f**2 + f. Suppose 2*z + 2 = z. Let g be j(z). Let p(v) = 2*v - 4*v - v**2 - 2 + 4*v. Determine p(g).
-2
Let a = -4 + 8. Suppose 8 = 2*t, 0 = s + t + a*t - 15. Let c(m) be the first derivative of -m**2/2 - 2*m + 1. Determine c(s).
3
Let o(c) be the second derivative of c**4/12 - 5*c**3/6 - c**2 + 2*c. Suppose -4 = 2*l + 4*r, 0 = 3*l + 2*l - 3*r - 29. Give o(l).
-6
Let j = 0 + 2. Let q(t) = -j*t**2 + 5*t + 0 - 2 + 0. Give q(3).
-5
Let g(a) be the first derivative of -a**5/20 + a**3/3 - a**2/2 - a - 1. Let l(v) be the first derivative of g(v). Give l(2).
-5
Suppose -3 = 5*q + 2. Suppose 4*d - 3*x - 2 - 5 = 0, 0 = -3*x + 9. Let w(m) = 2*m**2 + 5*m**2 - m - d*m**2. Give w(q).
4
Let b(c) = 17*c - 23. Let z(o) = -18*o + 22. Let x(p) = 3*b(p) + 4*z(p). Let a(t) = 4*t - 4. Let f(l) = 11*a(l) + 2*x(l). Calculate f(4).
2
Suppose 4*l - v - 29 = 7, 3*v = -l + 9. Let y(q) = q**2 - 10*q + 10. Calculate y(l).
1
Let h be ((-2)/(-3))/(8/(-12)). Let s be (0 - (4 + 1))/h. Let r(w) be the third derivative of -w**5/60 + w**4/6 - w**3/3 - 2*w**2. What is r(s)?
-7
Let r(t) = 1. Let w(v) = v - 4. Let j(u) = 5*u - 1. Let d be j(-1). Let x(c) = d*r(c) + w(c). Calculate x(5).
-5
Let d = 14 - 19. Let g(t) = 2*t - 7. What is g(d)?
-17
Let b(d) = -d + 4. Let i = 0 + 3. What is b(i)?
1
Let c(k) be the second derivative of -1/2*k**2 + 1/3*k**4 + 0 + 2*k + 0*k**3. Calculate c(1).
3
Let o = -97 + 104. Let w(j) = j**2 - 5*j - 4. Calculate w(o).
10
Let r(g) = g - 9. Suppose 17 - 2 = 3*u. Let t be r(u). Let a(l) = 0*l - 2 - 2*l - 3. What is a(t)?
3
Let c(u) = -2*u**2 + 2*u - 2. Let n(s) = -7*s**2 + 5*s - 5. Let g(l) = -8*c(l) + 3*n(l). Let p be 2 + -3 + 2*1. Let w be (2 - p - -1)/2. What is g(w)?
-5
Suppose -u = -2*l + 10 - 2, -20 = -4*l + 3*u. Let q(g) be the second derivative of g**4/12 + g**3/6 + 18*g. Calculate q(l).
6
Let j(q) = -q**2 + 10*q - 9. Let f(l) = l**3 + 5*l**2 + 6*l + 17. Let d be f(-4). What is j(d)?
0
Suppose 5*z - 18 = -2*f, 5*z = 4*f - 7*f + 22. Let w(g) = -3*g**2 + g + 7*g**2 - 3*g**2 + 3 - z*g**2. Let m = 3 - 6. What is w(m)?
-9
Suppose 3*f - 4*f = 0. Let b(i) be the second derivative of -i**2 - 1/3*i**4 - 1/3*i**3 + f - 1/20*i**5 - i. Determine b(-4).
6
Suppose -3*p + 0 = -2*i - 7, 5*i = -5*p + 20. Let v(t) = 1 + 0 - 4 + p*t + 2. Give v(-1).
-4
Suppose -8 = 4*n - 20, r - 4*n + 16 = 0. Let s(f) = 5*f + 6 - 17*f**2 + 35*f**2 - 17*f**2. What is s(r)?
2
Let m be ((-20)/(-16))/